{"id":3,"date":"2023-06-23T15:08:45","date_gmt":"2023-06-23T13:08:45","guid":{"rendered":"http:\/\/lepanierdelola.fr\/?page_id=3"},"modified":"2026-02-01T17:14:11","modified_gmt":"2026-02-01T16:14:11","slug":"mentions-legales","status":"publish","type":"page","link":"https:\/\/lepanierdelola.fr\/?page_id=3","title":{"rendered":"Mentions L\u00e9gales"},"content":{"rendered":"<p style=\"text-align: left;\" align=\"center\">En vigueur au 27\/09\/2023<\/p>\n<p>Conform\u00e9ment aux dispositions des Articles 6-III et 19 de la Loi n\u00b02004-575 du 21 juin 2004 pour la Confiance dans l\u2019\u00e9conomie num\u00e9rique, dite L.C.E.N., il est port\u00e9 \u00e0 la connaissance des utilisateurs et visiteurs du site https:\/\/lepanierdelola.fr les pr\u00e9sentes mentions l\u00e9gales.<\/p>\n<p>La connexion et la navigation sur le Site par l\u2019Utilisateur implique acceptation int\u00e9grale et sans r\u00e9serve des pr\u00e9sentes mentions l\u00e9gales.<\/p>\n<h2>ARTICLE 1 &#8211; L&rsquo;EDITEUR<\/h2>\n<p>L&rsquo;\u00e9dition du Site est assur\u00e9e par la SAS LE PANIER DE LOLA au capital de 2000 euros, immatricul\u00e9e au Registre du Commerce et des Soci\u00e9t\u00e9s de Arras sous le num\u00e9ro B 890 567 258 dont le si\u00e8ge social est situ\u00e9 au 194 route de Lille, 59480 La Bass\u00e9e,<\/p>\n<p>Adresse e-mail : saslepanierdelola@gmail.com.<\/p>\n<p>N\u00b0 de TVA intracommunautaire : FR37890567258<\/p>\n<p>La Directrice de la publication est Laurie Isambourg<\/p>\n<p>Le site est maintenu et a \u00e9t\u00e9 r\u00e9alis\u00e9 par la soci\u00e9t\u00e9\u00a0<a href=\"https:\/\/cavrois-digital.fr\/\" target=\"_blank\" rel=\"noreferrer noopener\">Cavrois Digital<\/a>, dont le si\u00e8ge social est situ\u00e9 34 Quai de Dion Bouton 92800 Puteaux<\/p>\n<h2>ARTICLE 2 &#8211; L&rsquo;HEBERGEUR<\/h2>\n<p>L&rsquo;h\u00e9bergeur du Site est la soci\u00e9t\u00e9 HOSTINGER, dont le si\u00e8ge social est situ\u00e9 au Rue \u0160vitrigailos 34, 03230 Vilnius, Lituanie.<b><\/b><\/p>\n<h2>ARTICLE 3 &#8211; ACCES AU SITE<\/h2>\n<p>Le Site est accessible en tout endroit, 7j\/7, 24h\/24 sauf cas de force majeure, interruption programm\u00e9e ou non et pouvant d\u00e9coulant d\u2019une n\u00e9cessit\u00e9 de maintenance.<\/p>\n<p>En cas de modification, interruption ou suspension du Site, l&rsquo;Editeur ne saurait \u00eatre tenu responsable.<\/p>\n<h2>ARTICLE 4 &#8211; COLLECTE DES DONNEES<\/h2>\n<p>Le Site assure \u00e0 l&rsquo;Utilisateur une collecte et un traitement d&rsquo;informations personnelles dans le respect de la vie priv\u00e9e conform\u00e9ment \u00e0 la loi n\u00b078-17 du 6 janvier 1978 relative \u00e0 l&rsquo;informatique, aux fichiers et aux libert\u00e9s.<\/p>\n<p>En vertu de la loi Informatique et Libert\u00e9s, en date du 6 janvier 1978, l&rsquo;Utilisateur dispose d&rsquo;un droit d&rsquo;acc\u00e8s, de rectification, de suppression et d&rsquo;opposition de ses donn\u00e9es personnelles. L&rsquo;Utilisateur exerce ce droit :<\/p>\n<p>\u00b7\u00a0\u00a0\u00a0\u00a0\u00a0\u00a0\u00a0\u00a0 via email ;<\/p>\n<p>Toute utilisation, reproduction, diffusion, commercialisation, modification de toute ou partie du Site, sans autorisation de l\u2019Editeur est prohib\u00e9e et pourra entra\u00een\u00e9e des actions et poursuites judiciaires telles que notamment pr\u00e9vues par le Code de la propri\u00e9t\u00e9 intellectuelle et le Code civil.<\/p>\n\n<style>.kb-row-layout-id3_d4c467-15 > .kt-row-column-wrap{align-content:start;}:where(.kb-row-layout-id3_d4c467-15 > .kt-row-column-wrap) > .wp-block-kadence-column{justify-content:start;}.kb-row-layout-id3_d4c467-15 > .kt-row-column-wrap{column-gap:var(--global-kb-gap-md, 2rem);row-gap:var(--global-kb-gap-md, 2rem);padding-top:var(--global-kb-spacing-sm, 1.5rem);padding-bottom:var(--global-kb-spacing-sm, 1.5rem);grid-template-columns:minmax(0, 1fr);}.kb-row-layout-id3_d4c467-15 > .kt-row-layout-overlay{opacity:0.30;}@media all and (max-width: 1024px){.kb-row-layout-id3_d4c467-15 > .kt-row-column-wrap{grid-template-columns:minmax(0, 1fr);}}@media all and (max-width: 767px){.kb-row-layout-id3_d4c467-15 > .kt-row-column-wrap{grid-template-columns:minmax(0, 1fr);}}<\/style><div class=\"kb-row-layout-wrap kb-row-layout-id3_d4c467-15 alignnone has-theme-palette7-background-color kt-row-has-bg wp-block-kadence-rowlayout\"><div class=\"kt-row-column-wrap kt-has-2-columns kt-row-layout-row kt-tab-layout-inherit kt-mobile-layout-row kt-row-valign-top\">\n<style>.kadence-column3_d00f3b-02 > .kt-inside-inner-col,.kadence-column3_d00f3b-02 > .kt-inside-inner-col:before{border-top-left-radius:0px;border-top-right-radius:0px;border-bottom-right-radius:0px;border-bottom-left-radius:0px;}.kadence-column3_d00f3b-02 > .kt-inside-inner-col{column-gap:var(--global-kb-gap-sm, 1rem);}.kadence-column3_d00f3b-02 > .kt-inside-inner-col{flex-direction:column;}.kadence-column3_d00f3b-02 > .kt-inside-inner-col > .aligncenter{width:100%;}.kadence-column3_d00f3b-02 > .kt-inside-inner-col:before{opacity:0.3;}.kadence-column3_d00f3b-02{position:relative;}@media all and (max-width: 1024px){.kadence-column3_d00f3b-02 > .kt-inside-inner-col{flex-direction:column;justify-content:center;}}@media all and (max-width: 767px){.kadence-column3_d00f3b-02 > .kt-inside-inner-col{flex-direction:column;justify-content:center;}}<\/style>\n<div class=\"wp-block-kadence-column kadence-column3_d00f3b-02\"><div class=\"kt-inside-inner-col\">\n<p><strong><a href=\"https:\/\/cavrois-digital.fr\/\" title=\"\">Cavrois Digital<\/a><\/strong> est une agence web sp\u00e9cialis\u00e9e dans la cr\u00e9ation de sites internet visibles et optimis\u00e9s pour le r\u00e9f\u00e9rencement naturel. L\u2019agence prend en charge l\u2019ensemble du projet : conception du site, design, r\u00e9daction des contenus, mise en ligne et maintenance.<\/p>\n\n\n\n<p>\u00c0 travers son service d\u00e9di\u00e9 <strong><a href=\"https:\/\/article66-5.fr\/\" title=\"\">Article66-5.fr<\/a><\/strong>, Cavrois Digital accompagne sp\u00e9cifiquement les avocats en garantissant la r\u00e9alisation de sites internet conformes aux r\u00e8gles d\u00e9ontologiques de la profession<\/p>\n<\/div><\/div>\n\n\n<style>.kadence-column3_c17e44-34 > .kt-inside-inner-col,.kadence-column3_c17e44-34 > .kt-inside-inner-col:before{border-top-left-radius:0px;border-top-right-radius:0px;border-bottom-right-radius:0px;border-bottom-left-radius:0px;}.kadence-column3_c17e44-34 > .kt-inside-inner-col{column-gap:var(--global-kb-gap-sm, 1rem);}.kadence-column3_c17e44-34 > .kt-inside-inner-col{flex-direction:column;}.kadence-column3_c17e44-34 > .kt-inside-inner-col > .aligncenter{width:100%;}.kadence-column3_c17e44-34 > .kt-inside-inner-col:before{opacity:0.3;}.kadence-column3_c17e44-34{position:relative;}@media all and (max-width: 1024px){.kadence-column3_c17e44-34 > .kt-inside-inner-col{flex-direction:column;justify-content:center;}}@media all and (max-width: 767px){.kadence-column3_c17e44-34 > .kt-inside-inner-col{flex-direction:column;justify-content:center;}}<\/style>\n<div class=\"wp-block-kadence-column kadence-column3_c17e44-34\"><div class=\"kt-inside-inner-col\"><style>.kadence-video-popup3_bac6ee-97 .kadence-video-popup-wrap{border-top-color:rgba(255,255,255,0.8);border-top-style:solid;border-right-color:rgba(255,255,255,0.8);border-right-style:solid;border-bottom-color:rgba(255,255,255,0.8);border-bottom-style:solid;border-left-color:rgba(255,255,255,0.8);border-left-style:solid;}.kadence-video-popup3_bac6ee-97 .kadence-video-popup-wrap .kt-video-svg-icon{color:#ffffff;}.kadence-video-popup3_bac6ee-97 .kadence-video-popup-wrap .kt-video-svg-icon > svg{stroke-width:2;}.kadence-video-popup3_bac6ee-97 .kadence-video-popup-wrap .kadence-video-overlay{opacity:0.3;;mix-blend-mode:none;;background:#000000;;}.kadence-video-popup3_bac6ee-97 .kadence-video-popup-wrap:hover .kadence-video-overlay{opacity:0.5;;}.glightbox-kadence-dark.kadence-popup-3_bac6ee-97 .goverlay{background:#000000;opacity:0.8;}.glightbox-container.kadence-popup-3_bac6ee-97 .gclose path, .glightbox-container.kadence-popup-3_bac6ee-97 .gnext path, .glightbox-container.kadence-popup-3_bac6ee-97 .gprev path{fill:#ffffff;}.glightbox-container.kadence-popup-3_bac6ee-97 .gslide-video, .glightbox-container.kadence-popup-3_bac6ee-97 .gvideo-local{max-width:900px !important;}@media all and (max-width: 1024px){.kadence-video-popup3_bac6ee-97 .kadence-video-popup-wrap{border-top-color:rgba(255,255,255,0.8);border-top-style:solid;border-right-color:rgba(255,255,255,0.8);border-right-style:solid;border-bottom-color:rgba(255,255,255,0.8);border-bottom-style:solid;border-left-color:rgba(255,255,255,0.8);border-left-style:solid;}}@media all and (max-width: 767px){.kadence-video-popup3_bac6ee-97 .kadence-video-popup-wrap{border-top-color:rgba(255,255,255,0.8);border-top-style:solid;border-right-color:rgba(255,255,255,0.8);border-right-style:solid;border-bottom-color:rgba(255,255,255,0.8);border-bottom-style:solid;border-left-color:rgba(255,255,255,0.8);border-left-style:solid;}}<\/style>\n<div class=\"wp-block-kadence-videopopup kadence-video-popup3_bac6ee-97\"><div class=\"kadence-video-popup-wrap kadence-video-noshadow\"><div class=\"kadence-video-intrinsic \"><img loading=\"lazy\" decoding=\"async\" src=\"https:\/\/lepanierdelola.fr\/wp-content\/uploads\/2026\/02\/Patchwork.jpg\" alt=\"\" width=\"1920\" height=\"1080\" class=\"kadence-video-poster wp-image-1972\" srcset=\"https:\/\/lepanierdelola.fr\/wp-content\/uploads\/2026\/02\/Patchwork.jpg 1920w, https:\/\/lepanierdelola.fr\/wp-content\/uploads\/2026\/02\/Patchwork-300x169.jpg 300w, https:\/\/lepanierdelola.fr\/wp-content\/uploads\/2026\/02\/Patchwork-1024x576.jpg 1024w, https:\/\/lepanierdelola.fr\/wp-content\/uploads\/2026\/02\/Patchwork-768x432.jpg 768w, https:\/\/lepanierdelola.fr\/wp-content\/uploads\/2026\/02\/Patchwork-1536x864.jpg 1536w\" sizes=\"auto, (max-width: 1920px) 100vw, 1920px\" \/><div class=\"kadence-video-overlay\"><\/div><button class=\"kadence-video-popup-link kadence-video-type-local\" data-popup-class=\"kadence-popup-3_bac6ee-97\" data-effect=\"none\" data-popup-id=\"kadence-local-video-3_bac6ee-97\" data-popup-auto=\"true\" data-youtube-cookies=\"true\"><span class=\"kb-svg-icon-wrap kb-svg-icon-fas_play kt-video-svg-icon kt-video-svg-icon-style-default kt-video-svg-icon-fas play kt-video-play-animation-none kt-video-svg-icon-size-auto\"><svg viewBox=\"0 0 448 512\"  fill=\"currentColor\" xmlns=\"http:\/\/www.w3.org\/2000\/svg\"  role=\"img\"><title>Play<\/title><path d=\"M424.4 214.7L72.4 6.6C43.8-10.3 0 6.1 0 47.9V464c0 37.5 40.7 60.1 72.4 41.3l352-208c31.4-18.5 31.5-64.1 0-82.6z\"\/><\/svg><\/span><\/button><\/div><\/div><div id=\"kadence-local-video-3_bac6ee-97\" class=\"mfp-hide mfp-with-anim kadence-local-video-popup-wrap\"><video class=\"kadence-local-video-popup\" controls preload=\"metadata\" src=\"https:\/\/lepanierdelola.fr\/wp-content\/uploads\/2026\/02\/Galerie.mp4\"><\/video><\/div><\/div>\n<\/div><\/div>\n\n<\/div><\/div>","protected":false},"excerpt":{"rendered":"<p>En vigueur au 27\/09\/2023 Conform\u00e9ment aux dispositions des Articles 6-III et 19 de la Loi n\u00b02004-575 du 21 juin 2004 pour la Confiance dans l\u2019\u00e9conomie num\u00e9rique, dite L.C.E.N., il est port\u00e9 \u00e0 la connaissance des utilisateurs et visiteurs du site https:\/\/lepanierdelola.fr les pr\u00e9sentes mentions l\u00e9gales. La connexion et la navigation sur le Site par l\u2019Utilisateur&#8230;<\/p>\n","protected":false},"author":1,"featured_media":0,"parent":0,"menu_order":0,"comment_status":"closed","ping_status":"closed","template":"","meta":{"_kad_blocks_custom_css":"","_kad_blocks_head_custom_js":"","_kad_blocks_body_custom_js":"","_kad_blocks_footer_custom_js":"","_kad_post_transparent":"","_kad_post_title":"","_kad_post_layout":"","_kad_post_sidebar_id":"","_kad_post_content_style":"","_kad_post_vertical_padding":"","_kad_post_feature":"","_kad_post_feature_position":"","_kad_post_header":false,"_kad_post_footer":false,"_kad_post_classname":"","footnotes":""},"class_list":["post-3","page","type-page","status-publish","hentry"],"aioseo_notices":[],"taxonomy_info":[],"featured_image_src_large":false,"author_info":{"display_name":"lepanierdelola.fr","author_link":"https:\/\/lepanierdelola.fr\/?author=1"},"comment_info":0,"jetpack_sharing_enabled":true,"_links":{"self":[{"href":"https:\/\/lepanierdelola.fr\/index.php?rest_route=\/wp\/v2\/pages\/3","targetHints":{"allow":["GET"]}}],"collection":[{"href":"https:\/\/lepanierdelola.fr\/index.php?rest_route=\/wp\/v2\/pages"}],"about":[{"href":"https:\/\/lepanierdelola.fr\/index.php?rest_route=\/wp\/v2\/types\/page"}],"author":[{"embeddable":true,"href":"https:\/\/lepanierdelola.fr\/index.php?rest_route=\/wp\/v2\/users\/1"}],"replies":[{"embeddable":true,"href":"https:\/\/lepanierdelola.fr\/index.php?rest_route=%2Fwp%2Fv2%2Fcomments&post=3"}],"version-history":[{"count":20,"href":"https:\/\/lepanierdelola.fr\/index.php?rest_route=\/wp\/v2\/pages\/3\/revisions"}],"predecessor-version":[{"id":1974,"href":"https:\/\/lepanierdelola.fr\/index.php?rest_route=\/wp\/v2\/pages\/3\/revisions\/1974"}],"wp:attachment":[{"href":"https:\/\/lepanierdelola.fr\/index.php?rest_route=%2Fwp%2Fv2%2Fmedia&parent=3"}],"curies":[{"name":"wp","href":"https:\/\/api.w.org\/{rel}","templated":true}]}}